8
What is 2001122 (base 3) in base 7?
4244
What is 52344 (base 6) in base 12?
40b4
59 (base 10) to base 8
73
Convert -101110200 (base 3) to base 5.
-221012
What is -18b9 (base 12) in base 7?
-11544
What is 434 (base 8) in base 13?
18b
Convert 255 (base 13) to base 6.
1520
What is 239 (base 10) in base 5?
1424
What is 733 (base 9) in base 7?
1512
-10586 (base 9) to base 15
-2149
-19379 (base 12) to base 3
-1212111110
147e0 (base 15) to base 3
10100102010
Convert -211 (base 11) to base 13.
-167
What is ddd (base 16) in base 9?
4773
Convert -7125 (base 13) to base 15.
-4939
What is -614 (base 7) in base 3?
-102022
-1023421 (base 5) to base 9
-25730
Convert -34520 (base 9) to base 12.
-113a6
What is -1901 (base 15) in base 6?
-41001
Convert 7b7 (base 13) to base 12.
931
5272 (base 8) to base 10
2746
-10100110011 (base 2) to base 4
-110303
Convert 5384 (base 13) to base 16.
2d50
What is -78 (base 11) in base 10?
-85
Convert -1351 (base 6) to base 16.
-163
Convert 13303 (base 4) to base 7.
1312
Convert -102134 (base 5) to base 10.
-3419
What is -1363 (base 9) in base 12?
-719
Convert -233 (base 5) to base 8.
-104
What is 10111111 (base 2) in base 8?
277
Convert -1c8 (base 14) to base 4.
-11310
Convert 30001 (base 4) to base 9.
1044
122224 (base 5) to base 12
2869
-844 (base 15) to base 12
-10b4
What is -10312 (base 4) in base 6?
-1234
-213412 (base 5) to base 2
-1110010111101
Convert -a57 (base 12) to base 7.
-4252
-101114 (base 6) to base 14
-2d02
Convert -4270 (base 16) to base 4.
-10021300
Convert -644 (base 16) to base 5.
-22404
What is 1021110 (base 3) in base 7?
2466
807 (base 13) to base 7
3651
What is -1705 (base 10) in base 4?
-122221
-642 (base 9) to base 7
-1346
Convert 3597 (base 10) to base 2.
111000001101
What is -12450 (base 6) in base 4?
-131232
What is -1120120 (base 4) in base 13?
-2761
-2010 (base 7) to base 3
-221200
What is 142 (base 14) in base 6?
1102
Convert -22362 (base 8) to base 13.
-43c7
Convert -1202122 (base 5) to base 10.
-22162
What is 2202200 (base 3) in base 13?
bc1
What is 63 (base 11) in base 15?
49
4103 (base 5) to base 12
380
Convert 22101 (base 3) to base 4.
3202
What is -152332 (base 6) in base 4?
-3213200
625 (base 11) to base 10
753
Convert 11030 (base 6) to base 4.
113322
What is 16d (base 15) in base 14?
196
1032033 (base 4) to base 7
20412
What is -1b8a (base 12) in base 14?
-1362
Convert -96 (base 10) to base 6.
-240
What is -171 (base 9) in base 3?
-12101
-12996 (base 10) to base 9
-18740
What is -1011313 (base 4) in base 7?
-16015
What is 5a (base 15) in base 13?
67
-87 (base 14) to base 6
-315
-12312 (base 4) to base 11
-369
Convert -1442 (base 7) to base 5.
-4234
Convert -145641 (base 7) to base 11.
-1a413
-eb (base 16) to base 3
-22201
Convert -8465 (base 14) to base 9.
-34271
Convert 1101010010000001 (base 2) to base 10.
54401
What is -1010 (base 6) in base 5?
-1342
What is -101100010101 (base 2) in base 13?
-13a3
What is -1845 (base 10) in base 7?
-5244
10110010101001 (base 2) to base 6
124533
Convert -110001110110 (base 2) to base 6.
-22434
-14997 (base 11) to base 5
-1134120
What is 132 (base 5) in base 10?
42
What is -37d (base 14) in base 9?
-856
Convert 14a9 (base 16) to base 8.
12251
What is 480f (base 16) in base 15?
56ec
What is -24611 (base 7) in base 14?
-2508
Convert b218 (base 13) to base 7.
131335
-122033 (base 5) to base 16
-1223
Convert -134310 (base 6) to base 12.
-7396
Convert 1690 (base 10) to base 15.
77a
Convert 72 (base 14) to base 15.
6a
Convert 454 (base 7) to base 8.
353
-b4 (base 16) to base 6
-500
What is -34559 (base 10) in base 7?
-202520
What is -2010 (base 3) in base 10?
-57
-55 (base 16) to base 7
-151
What is 223024 (base 5) in base 10?
7889
What is -102233 (base 4) in base 6?
-5315
Convert 435102 (base 6) to base 16.
8d0e
Convert -1833 (base 16) to base 14.
-2387
10111000111 (base 2) to base 6
10503
Convert 1010100100010 (base 2) to base 16.
1522
Convert b2 (base 13) to base 2.
10010001
What is -61 (base 9) in base 10?
-55
What is -2600 (base 11) in base 13?
-1708
-1854 (base 13) to base 6
-24430
What is 6416 (base 11) in base 7?
33513
Convert 358 (base 9) to base 15.
14b
Convert -4332414 (base 5) to base 16.
-1217d
What is 1000100010 (base 2) in base 8?
1042
2325 (base 9) to base 4
122330
-1223 (base 7) to base 12
-322
Convert -344244 (base 6) to base 11.
-20167
Convert 4031 (base 6) to base 3.
1012201
What is -1465 (base 7) in base 5?
-4321
605c (base 16) to base 10
24668
What is 121101010 (base 3) in base 4?
2322201
What is 51001 (base 6) in base 4?
1220221
-1123 (base 8) to base 12
-417
1496 (base 12) to base 8
4562
-20135 (base 8) to base 2
-10000001011101
Convert 12002 (base 3) to base 10.
137
What is -30 (base 10) in base 2?
-11110
Convert 10101 (base 5) to base 8.
1213
-1045 (base 7) to base 11
-312
-2423 (base 7) to base 6
-4055
100000111 (base 2) to base 16
107
What is 40315 (base 6) in base 14?
1d0b
-801 (base 10) to base 7
-2223
Convert 37600 (base 8) to base 5.
1010011
Convert 154 (base 13) to base 3.
22211
25e (base 15) to base 14
2a7
-190 (base 11) to base 9
-264
9b3d (base 15) to base 5
2023113
-32233 (base 7) to base 6
-101031
Convert -96b6 (base 16) to base 13.
-1473b
Convert -20311 (base 5) to base 10.
-1331
7ca (base 15) to base 4
123211
What is 511 (base 14) in base 4?
33203
What is 199ac (base 13) in base 15?
ec32
What is -1035 (base 6) in base 16?
-ef
201012110 (base 3) to base 16
36ae
What is 1233 (base 8) in base 3?
220201
What is -3450 (base 7) in base 8?
-2354
What is -1488 (base 13) in base 14?
-1133
What is 103412 (base 5) in base 14?
1459
Convert -773 (base 10) to base 4.
-30011
What is -16160 (base 9) in base 8?
-25476
710 (base 13) to base 16
4ac
Convert -4c1f (base 16) to base 10.
-19487
110000010010 (base 2) to base 4
300102
What is 4863 (base 10) in base 15?
1693
Convert 3203 (base 4) to base 2.
11100011
111212011 (base 3) to base 15
2ed7
What is 131c (base 15) in base 8?
7755
What is -321643 (base 7) in base 13?
-1c594
1536 (base 8) to base 6
3554
-182 (base 14) to base 13
-1ab
What is -3270 (base 15) in base 7?
-43065
Convert -12115 (base 7) to base 14.
-120c
Convert 53 (base 14) to base 7.
133
Convert -101023 (base 4) to base 5.
-13344
What is 1700 (base 13) in base 10?
3380
What is -106015 (base 7) in base 14?
-6c45
Convert 11010010011 (base 2) to base 9.
2270
What is 11210121 (base 3) in base 8?
6653
-67 (base 13) to base 8
-125
Convert 112101 (base 3) to base 2.
110000100
Convert -9996 (base 10) to base 15.
-2e66
What is -958c (base 14) in base 11?
-18425
Convert -11130 (base 4) to base 14.
-1ac
-45308 (base 11) to base 6
-1223354
-2457 (base 14) to base 3
-22201011
What is 34b8 (base 13) in base 10?
7418
-1011101010 (base 2) to base 5
-10441
Convert -1011301 (base 5) to base 10.
-16451
Convert 1010010 (base 2) to base 6.
214
What is 272 (base 8) in base 14?
d4
Convert 11313 (base 4) to base 6.
1423
What is 1122222 (base 3) in base 11?
a04
What is -20c (base 15) in base 13?
-297
2112112 (base 3) to base 2
11100111010
164 (base 13) to base 3
100022
Convert 13316 (base 7) to base 16.
e06
Convert 19c0 (base 16) to base 9.
10034
What is 3a66 (base 11) in base 7?
21244
-643 (base 14) to base 15
-575
110111200 (base 3) to base 12
5339
What is -239 (base 14) in base 6?
-2015
Convert 14250 (base 6) to base 16.
8d6
What is -34304 (base 5) in base 2?
-100110010110
What is 111111011101 (base 2) in base 11?
3062
Convert 2002220 (base 3) to base 12.
a80
Convert -da (base 14) to base 10.
-192
What is -7204 (base 8) in base 7?
-13556
2051 (base 8) to base 13
63c
What is 11414 (base 5) in base 11?
711
2510 (base 6) to base 3
211220
What is 14213 (base 5) in base 4?
102133
Convert 1f71 (base 16) to base 15.
25b9
5524 (base 6) to base 13
772
What is 662 (base 7) in base 3?
110112
Convert 1708 (base 14) to base 10.
4124
What is 101001101111001 (base 2) in base 14?
7b05
-11c4d (base 16) to base 10
-72781
5552 (base 8) to base 12
1836
-133133 (base 7) to base 15
-7692
What is 312 (base 12) in base 2?
110111110
-42345 (base 7) to base 16
-28e6
Convert 677 (base 10) to base 13.
401
What is -38742 (base 9) in base 3?
-1022211102
What is -a39 (base 14) in base 10?
-2011
-698 (base 13) to base 3
-1120012
What is -19d8 (base 16) in base 4?
-12131